 is divided by m?
16
Let h(z) = 4*z - 22. What is the remainder when h(20) is divided by 21?
16
Let f(c) = -2*c**2 - 3*c - 3. Let y be f(-3). Calculate the remainder when 20 is divided by 12/9 - 56/y.
2
Let k(j) = -2*j**2 - 8*j - 6. Let p be k(-6). Let l = 44 + p. What is the remainder when 53 is divided by l?
11
Suppose -5*p + 5*f + 215 + 125 = 0, 5*p - 3*f - 338 = 0. Calculate the remainder when p is divided by 25.
17
Let a(m) = m**2 - m - 2. Let u be a(3). Let t(r) = -6 + u*r - r - 2*r. What is the remainder when 7 is divided by t(8)?
1
Suppose -3*k + 39 = z - 4*z, 3*z - 9 = -3*k. Suppose 4*b + 6 + 24 = m, -3*b - 28 = -m. Calculate the remainder when m is divided by k.
6
Calculate the remainder when 25 is divided by (-18)/4*(0 - (1 - -1)).
7
Let v = -41 + 67. What is the remainder when 68 is divided by v?
16
Suppose 0 = -5*t - 5*d + 253 - 43, -4*t + 4*d + 160 = 0. What is the remainder when t is divided by 22?
19
Let b = -20 - -28. Suppose 0 = -4*s + v - 2*v + 22, 0 = s - v - b. Let j = s + -3. What is the remainder when 5 is divided by j?
2
What is the remainder when 254 is divided by 4/10*(-30)/(-12)*32?
30
Let f(q) = q + 6. Let i be f(0). Let z(y) = -y**3 + 7*y**2 + y - 7. Calculate the remainder when z(i) is divided by 9.
8
Let w = 27 + -15. Suppose o = -3*q + 38, -4*o + 3*q = q - 82. Calculate the remainder when o is divided by w.
11
Suppose 5*h - 201 = -3*v, -9 = -h + v + 36. Suppose -5*f = -h - 23. Calculate the remainder when 2/4 + 75/2 is divided by f.
12
Let x = 51 - 23. Let o(g) = g**2 + 10*g - 13. Let w be o(-13). Let z = w - 16. What is the remainder when x is divided by z?
8
Suppose t + 7 = 1. Let j be 9 - t/(3/(-1)). Suppose 3*q + 2*q - 18 = -2*m, -q = -3*m - j. What is the remainder when 10 is divided by q?
2
Let q = 42 + -16. Suppose -4*h - q = -70. Let k = -28 + 35. What is the remainder when h is divided by k?
4
Suppose -6*u - 46 = -2*u + 2*m, 24 = -u - 3*m. Calculate the remainder when (-2 - 24/u)*75 is divided by 17.
16
Let c = 0 + 2. Suppose -4*i + i - 3*u = 24, 3*u + 28 = -4*i. Let n(d) = -d - 2. What is the remainder when n(i) is divided by c?
0
Suppose p - 15 = -0*p. Suppose 4*a - p = a. Suppose -a*h + 125 = -2*y + y, -145 = -5*h + 5*y. Calculate the remainder when h is divided by 13.
11
Suppose 309 = 5*l + 3*o, 0*l + 244 = 4*l + 4*o. Calculate the remainder when l is divided by 16.
15
Let v = 0 - 7. Let j = -4 - v. Calculate the remainder when 6 is divided by j.
0
Suppose 0 = -q + 8 + 2. What is the remainder when 30 is divided by (24/q)/(9/30)?
6
Calculate the remainder when 47 is divided by 19 + 1 + (-24)/8.
13
Suppose -c + 154 - 5 = 0. Suppose 5*a - 187 = -b, -18 = -2*a + 3*b + 67. What is the remainder when c is divided by a?
35
Suppose 0 = -3*f + 3*u + 39, -3*f = 2*f + 2*u - 93. What is the remainder when f is divided by 4?
1
Let u(b) = -b**3 + 8*b**2 - 7*b + 1. Let g be u(5). Let s = g - 25. What is the remainder when 30 is divided by s?
14
Let d(b) = -b**3 - 14*b**2 - 16*b - 24. Calculate the remainder when 43 is divided by d(-13).
13
Let u(t) = 17*t + 1. What is the remainder when u(2) is divided by 9?
8
Suppose -2*u - 2*m - m + 85 = 0, 0 = 5*u - 2*m - 222. Calculate the remainder when u is divided by 24.
20
Let v = 15 - 20. Let b(m) = m**3 + 5*m**2 - 4*m - 7. Suppose -4*g + 2*t + 0*t = -162, -56 = -2*g - 4*t. Calculate the remainder when g is divided by b(v).
12
Let z = -77 - -47. Let d be z/(2/(-3)*3). Let x = 48 - d. What is the remainder when x is divided by 18?
15
Let k(y) = y**3 + 11*y**2 + 9*y + 10. Let d be k(-8). What is the remainder when d/(-15)*(-6)/4 is divided by 8?
5
Let r(c) be the second derivative of -c**4/12 + 7*c**3/6 - 5*c**2/2 - 2*c. Let k = 5 - 0. Calculate the remainder when r(k) is divided by 3.
2
Let d = -7 - -32. Calculate the remainder when 73 is divided by d.
23
Suppose 4*n - 4*c - 348 = 0, -341 - 64 = -5*n - 5*c. Suppose -2*o + 5*o = n. What is the remainder when o is divided by 10?
8
Let w be 4/(-12) - 70/(-3). Let o = -13 + w. What is the remainder when o is divided by -1 - -9 - (4 + -2)?
4
Let h(b) = -b**3 - 3*b**2 + b - 2. Calculate the remainder when 17 is divided by h(-4).
7
Calculate the remainder when (-5)/(25/85)*-1 is divided by 3.
2
What is the remainder when 7 is divided by -3 + 8/1 - 3?
1
Let g(r) = -3*r**2 + 18*r - 3. Calculate the remainder when 130 is divided by g(5).
10
Let l be (8/(-10))/((-6)/165). Suppose -4*z - l + 110 = 0. Calculate the remainder when z is divided by 8.
6
Suppose 0 = -131*j + 130*j + 24. What is the remainder when 95 is divided by j?
23
Suppose -j = -0*j - 4*f - 10, 0 = 5*f - 10. What is the remainder when 31 is divided by j?
13
Let o = 120 + -98. Calculate the remainder when 109 is divided by o.
21
Suppose 0 = 4*l - 6 - 6. Suppose -l*y + 178 = 58. Let v = 11 + 3. Calculate the remainder when y is divided by v.
12
Calculate the remainder when 29 is divided by 5 + 3*(-3)/(-9).
5
Suppose -4*n + 95 = n. Let c be -1*(2/1 - 48). Suppose -c - 1 = -5*j + q, 5*q = -3*j + 45. Calculate the remainder when n is divided by j.
9
Let p(h) = -15*h - 1. Calculate the remainder when p(-3) is divided by 15.
14
Let q = -32 + 56. What is the remainder when q is divided by 9?
6
Suppose -13*m = -9*m - 76. What is the remainder when 74 is divided by m?
17
Let r = -7 - -9. Suppose -j = -2*z + 123, -r*z - 3*z + 307 = -2*j. Calculate the remainder when z is divided by 21.
19
Suppose -5 - 1 = -r. Let c(o) = o. Let n(d) = -d**2 + 11*d. Let a(b) = -4*c(b) + n(b). Calculate the remainder when 21 is divided by a(r).
3
Suppose 0 = -3*t + t + 6. Suppose a = -t*o - 5 + 21, o = -3*a + 24. Calculate the remainder when a is divided by 4.
3
What is the remainder when 19 is divided by (-26)/(-4) - 2/4?
1
Suppose -15 = -5*b + 35. Calculate the remainder when 27 is divided by b.
7
Let z = -101 + 151. Calculate the remainder when z is divided by 13.
11
Let u(x) = x**2 + 15. Suppose -5*l + 36 = -3*m + 195, 6 = 2*l. What is the remainder when m is divided by u(0)?
13
Suppose 0 = 2*m - 15 - 15. Let x = 61 - m. Calculate the remainder when x is divided by 24.
22
Calculate the remainder when 146/14 - 6/14 is divided by 4.
2
Calculate the remainder when 49 - 5/(5/(-4)) is divided by 18.
17
Suppose 3*k - 144 = -3*j, -2*k = -4*j + 228 - 24. Calculate the remainder when j is divided by 13.
11
Suppose -21 = -2*s + 5. What is the remainder when 48 is divided by s?
9
Let x be (-5)/(1/(-2*11)). Suppose r + 37 = x. What is the remainder when r is divided by 19?
16
Let w(b) = 5*b**3 - 18*b**2 + 7*b - 8. Let f(p) = 6*p**3 - 19*p**2 + 6*p - 9. Let r(u) = 6*f(u) - 7*w(u). Calculate the remainder when 3 is divided by r(-13).
1
Let g = -40 - -135. What is the remainder when g is divided by 32?
31
Let b(j) = 4*j - 3*j - 3*j + 6. Suppose -3*p = 5*r + 13, -4*p = -r - 2*p - 13. What is the remainder when 46 is divided by b(r)?
14
What is the remainder when (1 + 27)*(-14)/32*-4 is divided by 13?
10
Suppose -91 = 5*o + 29. Let x = -16 - o. What is the remainder when 47 is divided by x?
7
What is the remainder when 19 is divided by 1728/171 + (-4)/38?
9
Suppose 0*m - 13*m = -208. Calculate the remainder when 41 is divided by m.
9
Let p = 1 - -1. Suppose 0 = -p*j + j + 3. Suppose 2 = -s + 9. Calculate the remainder when s is divided by j.
1
Let f(n) = -3*n + 1. What is the remainder when (18/4)/(-3)*2064/(-36) is divided by f(-7)?
20
Suppose -17 = -2*v - 9. Calculate the remainder when 14 is divided by v.
2
Suppose 2*v = 4*v + 18. Let y be 2 + (v/3 - -14). Suppose 0*q + q - y = 0. What is the remainder when q is divided by 8?
5
Let m = -25 - -197. Calculate the remainder when m is divided by 44.
40
Let t(k) = 4*k + 5. Suppose -2*v - 2*v = -24. Calculate the remainder when t(v) is divided by 8.
5
Let u be -2 + -2*53/(-2)*-1. Let n be (9/(-2))/((-6)/176). Let m = u + n. What is the remainder when m is divided by 26?
25
Calculate the remainder when 89 is divided by ((-45)/4)/(6*2/(-32)).
29
Let x(f) = f + 10. Let u be x(-8). Let h be -4 - -4 - (u + -1). What is the remainder when 7 is divided by -1*9/(h - 2)?
1
Suppose 13*l - 11*l = 12. Suppose -r - l + 22 = 0. What is the remainder when r is divided by 6?
4
Let g(w) = w**2 - 2*w - 2. What is the remainder when g(-11) is divided by 36?
33
Suppose z = -4*z 